1278). Suppose 2*d - 97 = r. Is d a composite number?
True
Let h(k) = -36*k - 31. Let a be h(-41). Let c = 2968 - a. Is c a composite number?
False
Let g(c) be the third derivative of c**8/1260 + c**7/5040 - c**6/90 - c**5/5 + 7*c**2. Let u(z) be the third derivative of g(z). Is u(-7) a prime number?
True
Suppose 66*z = 68*z + 294. Let u = -252 + z. Let j = u - -638. Is j a prime number?
True
Let v = 9335 + -4918. Is v a prime number?
False
Let x(o) = o**2 - 14*o + 1. Suppose -m - 6 = -20. Let p be x(m). Is p/(-4 - (-21396)/5348) prime?
False
Let n be 5/(-2)*(231/(-2))/((-141)/(-2444)). Let z(r) = r + 8. Let w be z(-6). Suppose h + 3*o - 12512 = -4*h, -w*h - o = -n. Is h a prime number?
True
Let d(h) be the first derivative of -15*h**2 - 2*h + 5*h**2 + 8*h**2 + 1. Is d(-4) composite?
True
Let d(m) = -63*m**2 - 2*m + 1. Let f be d(-2). Is (47 - f) + (-2 - -1) composite?
False
Let m = -101099 + 147570. Is m composite?
False
Let d(x) = 3726*x**2 + 3*x - 6. Let b be d(3). Suppose -8*s - b = -11*s. Is s a composite number?
True
Let u(t) = 366*t**2 + 2*t + 129. Is u(11) prime?
False
Suppose -50*c = 62*c + 10*c - 28225798. Is c prime?
True
Let m be 2/21 - ((-406550)/105 - -1). Suppose -3*u = -5*h - 5778, 3*h = -5*u + 3*u + m. Is u a composite number?
False
Let v(a) be the third derivative of 33*a**5/20 - 5*a**4/24 + a**3/6 + 46*a**2. Suppose -26 = -4*m - u - 4*u, -3*u = -6. Is v(m) prime?
False
Suppose 3*y - 159 = -0*p - 3*p, -269 = -5*p - 4*y. Let x = 55 - p. Is -3 - (-1)/(x/(-1172)) prime?
False
Suppose 2*q - 2*b = 0, -5*b + 12 = -2*q - 0. Suppose -5*v + 3*p = -3310, 8*p = -q*v + 6*p + 2626. Is v a prime number?
True
Suppose -80750 = -r - 4*j, 7*r + 3*j = 2*r + 403665. Suppose 6378 = -24*k + r. Is k prime?
False
Let y(r) = -r**3 - 26*r**2 + 3*r + 86. Let z be y(-26). Suppose 0 = 2*t - z, 3*s + 7*t = 3*t + 38083. Is s composite?
False
Let u = -51 + 50. Let y be 24/9*(2 - (u + -30)). Let s = y - 51. Is s a composite number?
False
Let i = 8407 - -7894. Is i a prime number?
True
Let f be ((-498)/(-10))/((-22)/(-770)). Suppose p + 3*d = 18835 + f, 4*p - d - 82247 = 0. Is p composite?
False
Let t = 4118 + -7462. Let x = -1801 - t. Is x prime?
True
Let s(g) = -112*g + 157. Let q be s(-10). Suppose 0 = 10*l - 7507 + q. Is l prime?
False
Let r be 420/(-70) + 1/(1/11). Suppose -r*o = -4*m - 5192 + 16478, 5*o + 10 = 0. Is m composite?
False
Suppose -13*b + 5 = -8*b. Suppose 0 = u - a + 6, -3*u + b = 4*a + 47. Is (2 - 3760)*u/20 a composite number?
False
Suppose -f + 6 = 4*w + 7, f = -w - 1. Suppose 11*l - 379 - 4263 = w. Is l composite?
True
Suppose -3*u + r = -35994, 67*u - 71*u + 4*r = -48016. Is u composite?
True
Let w(a) = a**2 + 8*a - 40. Let x be w(-12). Let b be -1 + x/2 + 1. Is 4/(-2 + b) - -755 a composite number?
False
Let i be -8 - ((-9)/(27/12))/(-2). Let f(g) = -72*g - 31. Is f(i) prime?
False
Let o = 19057 + 30991. Suppose o + 46785 = 11*h. Is h composite?
False
Let r be 241 - (-4 - -2 - -4). Suppose 6*m - 10459 = r. Suppose 277 - m = -3*k. Is k a prime number?
False
Is (1 + 0)/((-33473110)/(-5578850) - 6) prime?
False
Suppose -11*r = -88 - 132. Suppose s - 6*s = -r. Suppose -5*f + 4*n = -3153, -s*f + 4*n + 2524 = -0*n. Is f composite?
True
Suppose 11*t = -0*t + 123057. Suppose 34*p = 43*p - t. Is p a composite number?
True
Let b(f) be the second derivative of -f**5/20 + 2*f**4 - 5*f**3/2 + 9*f**2/2 + 11*f. Is b(17) composite?
False
Suppose 322*q - 325*q - p = -86338, -q = 4*p - 28761. Is q composite?
True
Let b be 18/12 + 1 + (-69)/(-6). Suppose -6*p + b*p = 17432. Is p prime?
True
Suppose -3*n = 5*u + 75, 2*u - 3*n - 27 = 3*u. Is 10436/6 + 4/u a prime number?
False
Suppose 293400 = 14*n - 77474. Is n a composite number?
True
Suppose -5*p + j = -7805, -3*p - 75*j + 4683 = -76*j. Is p prime?
False
Suppose 37877 = 3*v - 56176. Is v composite?
True
Suppose -3*m + 335167 = 5*z, 5*z - 2*m = 9*z - 268132. Is z prime?
False
Let q = 320 - 314. Let t(n) = -29 + 19*n + 54*n - 6. Is t(q) prime?
False
Suppose 13*n + 21315 = 14*n - f, -7*f - 42640 = -2*n. Is n prime?
True
Suppose -10*k + 12 = -4*k. Let s be ((-1 + k)*0)/(-2). Suppose s*h + 1016 = 4*h. Is h a prime number?
False
Suppose 25*z - 24*z = 33. Is -2 + (-657966)/(-66) - 6/z prime?
True
Let j = 764685 + -437042. Is j a composite number?
True
Is (117/(-45) - -3)/(16/12280760) a prime number?
True
Let h = 7267 + -1231. Is -2 - 1 - 19/((-114)/h) composite?
True
Let x = -51300 - -92113. Is x prime?
True
Let z be (-2 - (4 + -3)) + 17 + -11. Is ((-110138)/14)/(((-6)/z)/2) a composite number?
False
Let w(v) = v + 8. Let a be w(-6). Let n be (5/15 - (2 - a))*0. Suppose n = -r + 1415 + 684. Is r a composite number?
False
Suppose -3*g = -h - 1069, 3*h - 5*g + 0*g + 3227 = 0. Is (0 - h) + (0 - (1 - 4)) prime?
True
Is ((-16)/(-112))/((-11)/(-1197889)) prime?
False
Let h(j) = 238*j**2 + 13*j - 4. Let n(v) = -476*v**2 - 25*v + 7. Let f(r) = -5*h(r) - 3*n(r). Suppose 3*m - 4 = -3*a - 16, 5*a + 8 = -m. Is f(m) composite?
False
Let p(l) = 110*l**3 + 8*l**2 - 91*l + 1152. Is p(17) composite?
True
Suppose -38*s = -34*s - 9000. Suppose 3*g - s = -y + 415, 8 = 2*y. Is g composite?
False
Suppose -321809 = -8*i + 206943. Is 12/(-90) + i/30 composite?
False
Let i = 634 + 562. Let v = i - -1865. Is v composite?
False
Suppose 0 = 29*g - 26*g + 2124. Let b = 12388 - g. Suppose 5*j + b = 4*v + j, -6539 = -2*v + 5*j. Is v a prime number?
False
Suppose 3*o - 63948 = 221859. Is o a prime number?
False
Let v(a) = a**3 + a**2 + a - 1. Let d(r) = -2*r**3 + 26*r**2 + 6*r - 24. Let q(k) = d(k) + 3*v(k). Let f be q(-22). Suppose f = -0*j + j. Is j prime?
True
Suppose -360325 = -61*v + 385278. Is v a prime number?
False
Let q(w) = w**2 + 10*w - 19. Let c be q(-12). Suppose c*a = n - 7564, 4*n + 2*a - 30234 = -0*n. Is n composite?
False
Let r(k) be the first derivative of 17*k**4/4 - 4*k**3/3 - k**2/2 + 19*k + 26. Is r(7) prime?
True
Let d(u) = 1596*u + 1795. Is d(8) a prime number?
True
Suppose 12*i - 535836 - 1608336 = 0. Is i a composite number?
False
Suppose -2*u + 93652 = -4*x, 3*x + 238558 = 5*u + 4400. Suppose -8736 = -10*a + u. Is a a composite number?
False
Suppose 7570*w = 7565*w + 5689805. Is w composite?
True
Let d(b) = -1359*b**3 + 6*b**2 - 9*b - 11. Is d(-4) prime?
False
Suppose 6*c = 2*c + 2160. Is c/5 + 8 + -3 prime?
True
Suppose 3*d = -5*p + 10, -4*d + 4*p - p + 23 = 0. Let l(v) = -v**2 + 9*v + 14. Let g be l(10). Suppose -g*b - b + d*a = -235, -102 = -2*b + 4*a. Is b prime?
True
Let b = -180 - -92. Let u = 88 + b. Is (u + 508)*10/8 - 4 a prime number?
True
Let h be 60/27 - 2/9. Suppose -2*j = h*j - 5*d - 1795, -j - 2*d = -439. Suppose 0 = 5*v - 3*z - j, 7*z - 2*z - 319 = -4*v. Is v composite?
True
Let b(l) = -6*l + 64. Let d be b(11). Is d/4 - (-7 + 11912/(-16)) a composite number?
False
Suppose -6*a + 1908 = 3*j - 2*a, a = 3. Let n = 925 - j. Let m = n - 190. Is m a composite number?
False
Suppose 0 = 13*i - 14*i + 8. Suppose 48937 - 4401 = i*a. Is a prime?
False
Let t be (-1 - 140)/(((-405)/(-500))/27). Let p = t - -18111. Is p a composite number?
False
Suppose -3*r - 111*r + 1035596 = 6290. Is r composite?
False
Suppose 59202 = 7*p + 2*p. Let j = -4135 + p. Is j a composite number?
True
Let z = 9705 + -16817. Suppose 5*s - 3*i - 50228 = 0, 0*i - 30139 = -3*s + 4*i. Let u = s + z. Is u prime?
False
Let u(s) be the first derivative of -7*s**4/4 + 4*s**3/3 + 4*s**2 + 5*s - 234. Suppose 0*o + 6 = -2*o. Is u(o) a prime number?
False
Let j = 0 - -4. Suppose -z + j*f = -4*z + 15604, -5*z - f = -26018. Suppose -2596 = -l - 3*g, 2*l - z = -0*l - 2*g. Is l a prime number?
False
Suppose 600*p + 603*p - 2490241 = 1190*p. Is p composite?
True
Is (54/(-72))/((-6)/2069048) composite?
False
Is 2 + 1047916/1 + (194 - 203) composite?
True
Let t = -40672 + 5406. Is t/(-7) - (-5)/5 prime?
True
Let j be (-1 + 0 - -5)/((-46)/(-3979)). Let d = -183 + j. Is d a composite number?
False
Let h = 102875 + -38129. Is (-1 + 9/(-6))*h/(-135) a composite number?
True
Let x = 141300 + 73331. Is x prime?
True
Let x(r) = r**3 + 33*r**2 - 66. Is x(-25) prime?
False
Suppose 0 = -5*y - 6490 + 69560. Suppose -o - u + y + 1467 = 0, -5*u = 3*o - 42243. Is o a prime number?
True
Let d = 34 - 26. Let y be (-1 - d)/((-4)/(-268)). Let x = 2260 + y. Is x a 